et y(u) = d*x(u) + z*s(u). Determine y(-6).
2
Let h(f) = -f - 1. Let t(z) be the third derivative of z**4/24 + 43*z**2. Let n(l) = 2*h(l) - 2*t(l). Let c(x) = -x**2 - 5*x + 4. Let a be c(-6). What is n(a)?
6
Let i(t) = -t**3 + t**2 + 30*t + 2. Let v be i(6). Let j(s) = -2*s**3 - s - 3*s**2 + 4*s**3 - 2*s**3 - 4 + v*s**3. Determine j(3).
20
Let r(v) = 6*v - 96. Let a(p) = -12*p + 171. Let d(k) = 5*a(k) + 9*r(k). Calculate d(5).
-39
Let l(i) = i**3 - 6*i**2 - 3*i + 1. Let w(a) = a**3 - 7*a**2 - 5*a. Suppose 0 = 3*k + u - 1, -5*k - 3*u = -3 + 8. Let b(t) = k*w(t) - 3*l(t). Determine b(4).
-7
Let j(d) = 8*d**3 + d. Let t be -53 + 3 + -4 - -1. Let n = -51 - t. Suppose -m - 5*c - n = -3*m, 5*m + 4*c - 5 = 0. Determine j(m).
9
Let i = 645 - 646. Let p = -1 - -10. Let y(w) = 1 - p*w + 3*w + 2*w. Calculate y(i).
5
Let n(o) = -o**3 - 31*o**2 + 33*o + 29. Suppose 468*i - 544 = 485*i. What is n(i)?
-3
Let f(c) = 32*c**3 - c**2 + 2*c + 2. Let y(w) = -75*w**3 + 2*w**2 - 5*w - 4. Let b(a) = -7*f(a) - 3*y(a). Determine b(-3).
-23
Let f(v) be the first derivative of 2*v**2 + v + 4. Let d be 5/3 - 4/6. What is f(d)?
5
Let b(n) = -3 - 2 + 2 + 4. Let t(j) = j**2 + 4*j - 2. Let h(z) = -2*b(z) + t(z). Suppose -57 = -24*i - 201. Calculate h(i).
8
Let g(o) = -o**3 - 11*o**2 - 4*o - 15. Let s be ((-270)/1170 - 72/26)*(-11)/(-3). Determine g(s).
29
Let c(b) = -b**2 - 27*b - 14. Let z(o) = -o**2 - 158*o - 3458. Let r be z(-26). What is c(r)?
12
Let m(p) = 22*p**3 - 56*p**2 + 111*p + 49. Let z(r) = -7*r**3 + 18*r**2 - 34*r - 16. Let s(f) = -6*m(f) - 19*z(f). Determine s(8).
-22
Let s(v) be the second derivative of v + 0*v**2 - 1/2*v**4 + 0*v**3 + 0. Suppose -6*g + 6 = -0. What is s(g)?
-6
Let t = -1036 + 1037. Let o(g) = 87*g. What is o(t)?
87
Let s(y) = 2*y**2 - 38220 + 19112 + 19076 + 61*y. Calculate s(-31).
-1
Let j be (-87)/6*(-4)/2. Let z = 25 - j. Let g(u) = u**2 - 3*u + 1. Let n(w) = -2*w**2 + w - 1. Let c(t) = g(t) + n(t). Determine c(z).
-8
Let j(o) be the first derivative of -o**4/24 + 5*o**3/6 + 3*o**2 - 2*o - 42. Let u(c) be the second derivative of j(c). Let n = 35 + -31. Calculate u(n).
1
Suppose -1 + 7 = k - x, -4*k + 23 = -3*x. Let a(h) = 14*h + 14*h - k - 32*h + 8*h. Determine a(-7).
-33
Let f(o) be the third derivative of -o**7/2520 - o**6/120 - o**5/15 - 49*o**4/12 + 35*o**2. Let k(v) be the second derivative of f(v). What is k(-7)?
-15
Let m(h) be the third derivative of h**6/120 + 2*h**5/15 - h**4/24 - 7*h**3/6 - h**2 - 65*h + 14. Give m(-10).
-197
Let b = 299 + -293. Let u(r) = -7*r + 25. Let p(j) = 3*j - 11. Let s(n) = b*u(n) + 15*p(n). Give s(6).
3
Suppose -75*r - 246*r + 67*r = 78*r. Let l(v) be the third derivative of v**6/120 + v**5/60 + v**4/24 - 17*v**3/3 - 2*v**2. Give l(r).
-34
Let m = -16/567 - -599/1134. Let t(z) be the first derivative of -8*z - 35 + m*z**2. Determine t(5).
-3
Let a be -16 - 340/(-80)*4. Let h(n) = -30*n + 5. Suppose 6*f - 1 = 7*f. Let p(b) = b - 1. Let s(v) = f*h(v) - 4*p(v). Determine s(a).
25
Let h(f) be the third derivative of -f**8/1680 - f**7/1260 + f**6/720 - f**5/120 - f**4/2 + 12*f**2. Let d(b) be the second derivative of h(b). What is d(-2)?
21
Let j(x) = 1 - x**2 - 454*x + 2*x**2 + 455*x. Let i(g) = 6*g**2 + 3*g + 6. Let n(h) = i(h) - 4*j(h). Determine n(-3).
23
Let r(l) = -4*l - 2. Suppose 0 = 4*t + 4*t - 16. Let x be (-4)/(-8) - 1/t. Let c be r(x). Let d(n) = 2*n**2 + 4*n + 2. Determine d(c).
2
Let q = 1 + 0. Let n(d) be the third derivative of 37*d**6/120 + d**5/60 - d**3/6 + 29*d**2 + 109. Calculate n(q).
37
Suppose 4*c - 40 = -4*t, -1 - 37 = -3*t - 5*c. Let d(l) = -l - 9*l**2 - 5*l - 2*l**3 + 4 - t*l + 14*l + l**3. Give d(-9).
-14
Let z(y) = -27*y**2 + 13*y + 68. Let u(r) = -17*r**2 + 9*r + 43. Let d(q) = 8*u(q) - 5*z(q). What is d(9)?
-14
Suppose -2*i - 3*v = 5 + 3, 0 = i - 3*v - 14. Let p(d) = 6*d + 1540*d**2 - i*d + 5 - 1542*d**2. Suppose 0*z + 4*z - 4*n = 0, -5*z - 5*n = -40. Determine p(z).
-11
Let z(g) = -g**2 - 2. Let y be z(2). Let x(b) = -b**2 - 7*b - 5. Let t be x(y). Let h be (0/(-2 + (-5)/(-1)))/t. Let u(i) = -i**3 - 1. Calculate u(h).
-1
Let t(d) = 4*d - 13. Let l be 72/32*-8*(-6)/9. What is t(l)?
35
Let b = -60 - -57. Let p(u) = -12*u + 5. Let g(z) = -11*z + 4. Let v(w) = b*p(w) + 4*g(w). Suppose 0*h + 2*h = -n - 3, 2*n = 4*h + 2. Calculate v(h).
9
Let t(l) = 7*l - 32. Let i be t(5). Suppose 0 = i*n + 32 - 29. Let x(h) = -13*h**3 - 2*h**2 - h. What is x(n)?
12
Suppose -14 + 4 = 2*a. Let k(s) = 0 - 44*s + 273*s - 2 + 8 - 231*s. Calculate k(a).
16
Let t(y) = -3*y - 10 + 7 - 8 - 11. Let m be t(-10). Let g(u) = -u**3 + 3837*u + 13 - 2 - 3*u**2 + 10*u**2 - 3831*u. Give g(m).
-5
Suppose 0 = 39*u + 10 - 322. Let x(d) = 2*d**2 + 6*d - 1. Let i(p) = -3*p**2 - 5*p. Let z(v) = -3*i(v) - 4*x(v). Calculate z(u).
-4
Let g(u) = -2*u - 10. Let w be (6/(-4))/(3/(-4)). Let a(s) = 9*s**2 - s**3 - 29 - 4*s**2 + 19*s**w - 5*s**2 + 21*s. Let c be a(20). Calculate g(c).
8
Let v be 10/80 + (2385/8)/(-9). Let d(c) = -c**3 - 31*c**2 + 62*c - 128. What is d(v)?
4
Suppose 3*m + c + 14 = -3*c, -2*m = -2*c - 14. Let l(o) = o**2 + 4. Let j be l(m). Let k(n) = n**2 - 8*n - 9. Give k(j).
-9
Let z(a) = 1 + 5*a + 10 - 3 + 4. Let c(j) = -14*j - 35. Let d(b) = 4*c(b) + 11*z(b). Let k be (-3 + (-6 - -3))*(1 - 2). Determine d(k).
-14
Let i(v) = -4 + v**2 - 5*v + 3 + 9. Let a(n) = n**3 - 96*n**2 + 93*n + 196. Let y be a(95). Calculate i(y).
14
Let s be -2 - 96/(-42) - 74/14. Let v be 4/(-10) + (-32)/s + -3. Let z(a) = -3 + 2*a + 4 - a**3 - 2 + 0*a**v. What is z(1)?
0
Let z be 16 - (5 + (-16)/4). Suppose 0 = -z*m + 4 - 19. Let a(c) = 6*c**3 + c**2 + c. Give a(m).
-6
Let d(w) be the second derivative of -w**4/12 - 5*w**3/3 - w**2 - 16*w - 3437. Suppose -5*j + 0*t - 5*t = 40, 19 = -2*j + t. Give d(j).
7
Let m(y) = y**3 + 2*y**2 + 2. Let c(f) = 2*f**2 - 5*f + 2. Let d be c(-4). Let j be (-2)/9 + (-204)/d + 3. Let k be j/2*(4 + 2). Calculate m(k).
-7
Let q(n) = -68*n**2 + 3 - 6*n + 26*n + 50*n - 2*n**3. Give q(-35).
3
Let z(u) be the first derivative of -u**4/4 + 35*u**3/3 + u**2/2 - 44*u + 31. Let m be z(35). Let w(d) = -d + 0*d - 3 + 2*d. Calculate w(m).
-12
Let d(g) = 2*g**3 + 4*g**2 + 9*g + 8. Let x(t) = t**2 + 130*t - 1402. Let r be x(10). Determine d(r).
-10
Let p(c) = -4*c**3 - 3*c**2 + 2*c + 4. Let f be ((-3)/3 - -3)/(33/(-33)). Determine p(f).
20
Let a(f) = f**3 - 7*f**2 + 8*f - 5. Suppose -5*h = -23 + 213. Let n = 60 + h. Let w = 27 - n. What is a(w)?
-15
Let y(i) = -7*i - 20. Let d be ((-52)/10)/(80/200). What is y(d)?
71
Let a(i) = -i**3 + 7*i + 259*i**2 + 47 + 282*i**2 - 530*i**2. What is a(12)?
-13
Let f(s) = 10*s + 11 - 28*s + 7 + 12*s. Let o be f(3). Let l(b) = b**2 - 16. Determine l(o).
-16
Let q(l) = l**3 - 5*l**2 - 2*l - 34. Let z be q(6). Let i(v) = -v**2 - 12*v - 20. Let g be i(z). Let u(r) = -r - 11. Give u(g).
-11
Let u(x) be the first derivative of -2*x**2 - 65*x + 1050. Determine u(-15).
-5
Let r(y) = -123*y - 1. Let q(t) = -346*t - 4. Let g(l) = 5*q(l) - 14*r(l). What is g(2)?
-22
Let x(i) = i**2 - i - 50. Let t be x(8). Let q(w) = 388 + 393 + t*w - 778. Give q(-3).
-15
Let z(j) be the second derivative of -j**4/12 + 19*j**3/3 - 78*j**2 - 1546*j + 2. Calculate z(33).
9
Let u(g) = g**3 + 17*g**2 - g - 12. Let z(s) = -5*s**2 + 164*s + 331. Let m be z(-2). Calculate u(m).
5
Let t be (2/(-3))/((-2)/9). Suppose -t*c - 9 = -p, 15*p + c - 10 = 11*p. Let d(x) = 3*x. Determine d(p).
9
Suppose 132*x + 361 - 72 + 107 = 0. Let q(d) = -14*d - 15. Calculate q(x).
27
Let s(b) = -b**3 - 5*b**2 + 7*b + 1. Suppose -162 = -3*y + 3*x, -4*x = 6*y - 3*y - 176. Suppose -y*h - 42 = -49*h. Determine s(h).
-5
Let m = 376 + -344. Suppose -m = 39*k + 241. Let p(y) = -y - 1. Determine p(k).
6
Let b(v) be the first derivative of v**3 + 3*v**2 + 974. Calculate b(-4).
24
Let b(p) = -2*p**3 + 5*p**2 - 2*p - 1. Let z(j) = -j**3 + 4*j**2 - j - 1. Let u(a) = -2*b(a) + 3*z(a). Suppose -168347*w + 168317*w = 90. Determine u(w).
-13
Let i(y) be the second derivative of 0 + 7*y + 14*y**2 + 8/3*y**3. Let z(b) = -5*b - 9. Let k(r) = 3*i(r) + 10*z(r). Give k(-6).
6
Let d(w) = w**2 + 12*w + 3. Let n be d(-12). Suppose -9*y + 11*y + s = 0, n*y + 2*s + 2 = 0. Let v(b) = -b**2 - 2*b + 2. Determine v(y).
-6
Let y = -422 - -428. Let r(z) = -10*z**3 - z 